2 + 20*k + 41. Let j be r(-18). Suppose 5*z - 1045 = -j*u, -5*z = -5*u - 724 - 301. Calculate the greatest common factor of 18 and z.
9
Let i = -368 - -1048. Calculate the highest common divisor of 120 and i.
40
Suppose 0 = -5*k + 3*s + 10163, 13*k - 4*s = 10*k + 6089. What is the highest common factor of k and 660?
55
Let g(r) = -14*r - 63. Let o be (4/(-8)*-8)/((-3)/6). Let t be g(o). Calculate the greatest common divisor of 833 and t.
49
Let g = -15710 - -15749. What is the highest common factor of g and 5148?
39
Let u = -275852 - -276062. Suppose 4*f = 4*t - 116, 3*t - 2*t + f = 31. What is the greatest common divisor of u and t?
30
Let a(h) = -h**3 + 22*h**2 + 18*h - 21. Let b be a(-8). Calculate the greatest common factor of b and 130.
65
Suppose -6*l + l + 320 = 0. Let v = 1059 + -1035. Calculate the highest common divisor of v and l.
8
Suppose 0 = 4*v - 6*v - 2*r + 568, r = -4. Suppose 0 = m - 3*z - 20, -2*m + 0*z = 2*z - 72. What is the highest common divisor of v and m?
32
Suppose s - 22 = -s + 4*u, -s = 4*u - 11. Let m = -13 - -20. Suppose m*d - 30 = 47. What is the highest common divisor of s and d?
11
Suppose -28*v + 42*v = -322. Let t(j) = -4*j - 1. Let y be t(1). Let r = y - v. What is the highest common factor of 18 and r?
18
Let l(m) = -m + 21. Let g be l(19). Suppose -9 = -g*x - 5*d, -3*d = -2*x - d + 30. Suppose 448 = -10*v + x*v. Calculate the highest common divisor of 14 and v.
14
Let w = -8338 - -8500. Calculate the highest common divisor of 41148 and w.
162
Suppose 57*c - 4660 - 8450 = 0. Calculate the highest common divisor of 160 and c.
10
Let w be 74725/196 + 5/(-4). Suppose 270*m = 268*m + w. What is the greatest common factor of 76 and m?
38
Let c = -1 + 2. Suppose v + c = 9. Suppose v*t - 605 + 149 = 0. Calculate the highest common divisor of 76 and t.
19
Let w = -4776 - -5063. What is the highest common divisor of 105 and w?
7
Suppose 0 = -8*k + 12*k + 5*h - 28175, 14089 = 2*k + 3*h. Calculate the greatest common divisor of k and 8.
8
Suppose 4*f = 99*f - 85202 - 138238. What is the greatest common divisor of 192 and f?
48
Suppose x + 1264*p - 665 = 1269*p, 2*x - 5*p = 1345. What is the greatest common divisor of x and 40?
40
Suppose 7*a + 112 = 406. Suppose -2*q = -14*q + 8568. Calculate the highest common divisor of a and q.
42
Suppose -161*a + 167*a = 36. Suppose a*c - 39 - 69 = 0. Calculate the highest common divisor of 846 and c.
18
Let m(o) be the third derivative of -o**6/120 - 4*o**5/5 - 45*o**4/8 + 11*o**3/2 - 255*o**2. Let v be m(-45). What is the highest common divisor of 55 and v?
11
Let h be 2/((0 + -1)/(-75)). Let r(a) = a**3 - 20*a**2 - 35*a + 10. Let f be r(22). Let w = f + -193. Calculate the greatest common factor of h and w.
15
Suppose 11*b - 9*b = -4*j + 300, 2*j + 402 = 3*b. Calculate the highest common divisor of 96 and b.
6
Let a = 77 - 2. Suppose -31 = -2*l - 5*o + 39, o - 92 = -3*l. Calculate the greatest common factor of a and l.
15
Let j(z) = 4*z + 4. Let o be j(-3). Let l be (-10)/o*(21 - 17). What is the highest common divisor of l and 65?
5
Let s(k) = k**2 - 47*k - 42. Let z be s(48). Let l(b) = 10*b**2 + 2. Let h be l(2). What is the highest common factor of z and h?
6
Suppose -l - 42 = -119. Let m = 169 - l. What is the highest common divisor of 12 and m?
4
Let r be (500/(-6))/((-60)/90). What is the greatest common factor of r and 155?
5
Let a = 2827 + 141. What is the highest common divisor of a and 168?
56
Let o be ((-6210)/(-225))/(4/70). Let b = o + -472. Calculate the greatest common divisor of 143 and b.
11
Suppose -4*m = 4*m - 16. Suppose 5*a + 348 = m*a. Let v = -31 - a. Calculate the highest common factor of v and 17.
17
Suppose k - 4 = 3. Suppose -13 = -3*c - k. What is the greatest common divisor of 13 and c?
1
Let d be 61 + 10 + -47 - 4/1. Let h(q) = -2*q - 2. Suppose 7*c = 5*c - 10. Let z be h(c). What is the greatest common factor of d and z?
4
Let z(u) = 13*u**3 + 6*u**2 + 15*u - 74. Let l be z(6). What is the highest common factor of l and 64?
32
Let r(s) = -s**3 + 6*s**2 - 7*s - 2. Let f be r(4). Suppose -f*a = -7*a + 2585. Suppose 9*x = a + 770. What is the highest common divisor of 13 and x?
13
Let n = 968 - 869. Calculate the highest common divisor of n and 18.
9
Suppose -674 = -22*c - 278. Suppose q - 160 = -p, -114 = 2*q + p - 436. What is the greatest common factor of c and q?
18
Suppose 39*k - 74796 = -2*k - 14116. What is the highest common divisor of k and 40?
40
Let o = -242 + 217. Let h(v) = 2*v**2 + 49*v + 3. Let q be h(o). Calculate the highest common divisor of 16 and q.
4
Let z = -2384 + 2386. What is the greatest common divisor of z and 1294?
2
Let t be 140/34 + ((-324)/153 - -2). Suppose -2*v = -t*h - 4, -5*v + 4*v - h + 8 = 0. Calculate the highest common factor of 42 and v.
6
Suppose i + k + 4 = 0, 1 = 4*i + 3*k + 16. Let u be (-2)/(0 - i/(-24)) + -4. Suppose -5*d - 1960 = -u*d. Calculate the greatest common divisor of 40 and d.
40
Let r = 38 + -36. Suppose q - 5*a = -q - 3, r*a = 2. Let f = -24 + 26. Calculate the greatest common divisor of q and f.
1
Suppose -145*u + 5610 + 3922 = -3518. Calculate the highest common factor of 2610 and u.
90
Let o(a) = a**3 + 8*a**2 + 10*a + 33. Let j be o(-6). Suppose 155 + j = 5*q. What is the highest common factor of 160 and q?
40
Let a(g) be the second derivative of g**4/6 - g**3 - 4*g**2 + 7*g - 3. Let p be a(7). What is the greatest common factor of p and 528?
48
Let j(k) = 2*k**2 - 7*k + 6. Let m be ((-2)/(-7))/2 + 1290/(-602). Let i be j(m). Let o be 252 + -2 + 3 + -1. Calculate the greatest common divisor of i and o.
28
Suppose -2*v - 57*m + 342 = -54*m, 0 = -v - 2*m + 168. Calculate the highest common divisor of v and 6280.
20
Let r(z) = z**3 + 5*z**2 - 15*z - 11. Let g be r(5). Let w = -149 + g. What is the greatest common divisor of w and 435?
15
Let x(d) = -4*d**2 + 20*d - 6. Let h be x(3). Suppose 0 = 5*r - 472 + 157. What is the greatest common divisor of r and h?
9
Suppose 429*f + 210 = 5*u + 434*f, 3*f + 210 = 5*u. What is the highest common factor of 651 and u?
21
Let s(v) = -3*v + 5. Let d be s(3). Let q be d/(-16)*4*(3 - -5). Calculate the greatest common divisor of 10 and q.
2
Suppose 2*d - 3*d - 4*g = -682, 0 = 5*d - 4*g - 3314. What is the greatest common factor of 450 and d?
18
Suppose 6*x = -8*x + 112. Let q(c) = 2*c**3 - c**3 + 6*c**2 - 2*c**3 + 0*c**3 + 3 + 16*c. Let y be q(x). What is the greatest common factor of 27 and y?
3
Suppose -2*n + 7 = -t, -4*t - 5*n = t + 50. Let z be (0 + -2 + -4)*11/(-2). Let y = t + z. What is the greatest common divisor of 12 and y?
12
Let i be (-9)/6*(-30676 + (7 - 13)). What is the greatest common factor of i and 87?
87
Suppose 0 = -5*y + 2*n + 1153, -3*y + 5*n + 0*n + 688 = 0. Suppose 0 = 2*z + 4*t - 26, 121 = -z + 6*z - 4*t. What is the highest common divisor of y and z?
21
Suppose -6*x + 884 = -436. Suppose 0 = 6*w - 2*w - x. Let a be (-90)/(-8) + 3/(-12). Calculate the highest common divisor of w and a.
11
Suppose 0*c = 4*c - 28. Let l be -7 + 3 - (-2 - 290). Suppose -l = -3*o - 57. Calculate the highest common factor of o and c.
7
Let x(a) = a**3 + 7*a**2 + 5*a - 4. Let f be x(-6). Suppose f*w - 3*w = -19. Suppose -12 = -22*u + w*u. What is the highest common divisor of 40 and u?
4
Let y(p) = -p**2 + 11*p - 5. Suppose 3*n + k - 2 = 0, 3*k = 2*k - 4. Let b be y(n). Let j be 13*14*(-3)/(-6). Calculate the greatest common divisor of b and j.
13
Suppose 0 = -2*y + 3*t + 23 - 7, 8 = -2*t. Let m be -375 - (y + -7)*(-10)/25. Let u = -201 - m. What is the greatest common factor of 22 and u?
22
Let r be -3*1*(-21 - -4). Suppose 2*u + 3*x = -3*u + 99, -3*u = -x - r. Suppose u = g - 143. Calculate the greatest common divisor of g and 23.
23
Let x = 88 + -93. Let h = x + 49. Calculate the greatest common divisor of h and 4.
4
Suppose -n - 96 = -3*n - 3*z, 200 = 4*n + 2*z. Let i(b) = -51985*b + 519918. Let h be i(10). Calculate the greatest common factor of n and h.
17
Suppose -3658 = -2*v - 3*b + 1368, 2546 = v - 4*b. Calculate the highest common divisor of 97 and v.
97
Suppose -t = 5*q - 24, -6*q + 3*q = 3*t - 72. Suppose 177 = t*a - 615. What is the highest common divisor of 66 and a?
33
Suppose -15722*s + 15711*s + 16368 = 0. What is the highest commo